digit of 2248674030?
8
What is the tens digit of 558034320?
2
What is the hundreds digit of 735104377?
3
What is the hundred millions digit of 696481466?
6
What is the ten thousands digit of 1560788347?
8
What is the hundred thousands digit of 43617441?
6
What is the hundred thousands digit of 4939889470?
8
What is the thousands digit of 5040219129?
9
What is the millions digit of 707735294?
7
What is the millions digit of 39695370?
9
What is the hundred thousands digit of 904534632?
5
What is the hundred thousands digit of 774562306?
5
What is the ten millions digit of 190859720?
9
What is the millions digit of 70993982?
0
What is the thousands digit of 426686310?
6
What is the tens digit of 666730862?
6
What is the ten thousands digit of 78065230?
6
What is the millions digit of 130151231?
0
What is the units digit of 38486141?
1
What is the billions digit of 1117407890?
1
What is the thousands digit of 3723459815?
9
What is the hundred thousands digit of 7565167?
5
What is the tens digit of 51946916?
1
What is the ten thousands digit of 134041182?
4
What is the units digit of 73522160?
0
What is the hundred thousands digit of 133273454?
2
What is the hundred thousands digit of 87244392?
2
What is the units digit of 308641128?
8
What is the thousands digit of 437801307?
1
What is the hundred millions digit of 143989312?
1
What is the millions digit of 4019086?
4
What is the hundreds digit of 81329886?
8
What is the hundred thousands digit of 5428882?
4
What is the ten thousands digit of 6897944?
9
What is the units digit of 436095343?
3
What is the thousands digit of 337467582?
7
What is the hundred millions digit of 483199951?
4
What is the units digit of 373099076?
6
What is the hundreds digit of 29476598?
5
What is the hundred thousands digit of 353878826?
8
What is the hundreds digit of 70007060?
0
What is the ten millions digit of 7910430399?
1
What is the thousands digit of 139956432?
6
What is the ten millions digit of 8308500776?
0
What is the ten thousands digit of 957562995?
6
What is the units digit of 302620460?
0
What is the units digit of 1004868939?
9
What is the ten millions digit of 24056460?
2
What is the hundred thousands digit of 413701774?
7
What is the hundred thousands digit of 72081122?
0
What is the ten thousands digit of 87773368?
7
What is the tens digit of 3125129367?
6
What is the units digit of 56186556?
6
What is the millions digit of 1082300974?
2
What is the ten millions digit of 64434342?
6
What is the ten thousands digit of 3780556731?
5
What is the hundreds digit of 226042476?
4
What is the hundred millions digit of 1170210653?
1
What is the units digit of 773854244?
4
What is the ten thousands digit of 339812944?
1
What is the millions digit of 626472972?
6
What is the ten millions digit of 126894878?
2
What is the ten millions digit of 546935645?
4
What is the hundred thousands digit of 1001051827?
0
What is the units digit of 49145408?
8
What is the ten millions digit of 360345777?
6
What is the units digit of 5516442433?
3
What is the tens digit of 1228923108?
0
What is the millions digit of 746861674?
6
What is the hundred thousands digit of 934150551?
1
What is the ten millions digit of 88997943?
8
What is the hundreds digit of 75602916?
9
What is the ten thousands digit of 35382239?
8
What is the ten millions digit of 3773936685?
7
What is the tens digit of 129728439?
3
What is the hundred thousands digit of 2384464156?
4
What is the hundreds digit of 463480050?
0
What is the hundreds digit of 187789675?
6
What is the millions digit of 244159282?
4
What is the units digit of 34848814?
4
What is the thousands digit of 1586772526?
2
What is the units digit of 4125891795?
5
What is the millions digit of 398253385?
8
What is the units digit of 8490805?
5
What is the hundreds digit of 128576525?
5
What is the millions digit of 310459225?
0
What is the hundred thousands digit of 85598305?
5
What is the hundreds digit of 1920990723?
7
What is the hundreds digit of 59825431?
4
What is the hundreds digit of 240842668?
6
What is the millions digit of 297002299?
7
What is the thousands digit of 45539292?
9
What is the millions digit of 8543013?
8
What is the units digit of 50240579?
9
What is the ten thousands digit of 60787105?
8
What is the hundred thousands digit of 211340222?
3
What is the hundred millions digit of 350881394?
3
What is the millions digit of 16020981?
6
What is the hundred thousands digit of 2469305353?
3
What is the ten thousands digit of 32667983?
6
What is the tens digit of 53856873?
7
What is the ten millions digit of 2070124689?
7
What is the ten millions digit of 168893187?
6
What is the thousands digit of 266513782?
3
What is the thousands digit of 1304924552?
4
What is the hundreds digit of 69715646?
6
What is the hundred thousands digit of 83766551?
7
What is the hundred millions digit of 1497713202?
4
What is the ten millions digit of 60006290?
6
What is the thousands digit of 67179847?
9
What is the hundreds digit of 149965553?
5
What is the ten millions digit of 18276084?
1
What is the ten thousands digit of 3646566446?
6
What is the tens digit of 136836445?
4
What is the ten millions digit of 110691635?
1
What is the hundred millions digit of 256881057?
2
What is the hundreds digit of 248505972?
9
What is the ten thousands digit of 46780974?
8
What is the hundred millions digit of 1030516721?
0
What is the units digit of 16798436?
6
What is the hundreds digit of 215022397?
3
What is the hundred thousands digit of 43646198?
6
What is the ten thousands digit of 37014855?
1
What is the tens digit of 448111723?
2
What is the thousands digit of 17030970?
0
What is the ten millions digit of 154356898?
5
What is the thousands digit of 1306018286?
8
What is the tens digit of 70889669?
6
What is the tens digit of 707723228?
2
What is the hundreds digit of 41676717?
7
What is the tens digit of 117060694?
9
What is the hundred millions digit of 2278549181?
2
What is the millions digit of 71260313?
1
What is the hundred thousands digit of 11103120?
1
What is the tens digit of 774841779?
7
What is the units digit of 210015979?
9
What is the ten millions digit of 7181207184?
8
What is the units digit of 3874055839?
9
What is the ten thousands digit of 25201625?
0
What is the hundred thousands digit of 133906033?
9
What is the ten millions digit of 331882514?
3
What is the tens digit of 724933533?
3
What is the ten thousands digit of 7125447?
2
What is the tens digit of 2141076928?
2
What is the ten thousands digit of 32296786?
9
What is the thousands digit of 52714326?
4
What is the tens digit of 28044867?
6
What is the millions digit of 9193368?
9
What is the ten thousands digit of 141272351?
7
What is the hundreds digit of 3348267283?
2
What is the millions digit of 18427143?
8
What is the hundred millions digit of 157342199?
1
What is the billions digit of 1578510597?
1
What is the hundreds digit of 43573053?
0
What is the hundreds digit of 74053353?
3
What is the ten millions digit of 4702912767?
0
What is the millions digit of 86315498?
6
What is the tens digit of 303943849?
4
What is the ten thousands digit of 48070239?
7
What is the thousands digit of 382829991?
9
What is the hundreds digit of 228762449?
4
What is the thousands digit of 268309874?
9
What is the tens digit of 919580198?
9
What is the hundred thousands digit of 235183647?
1
What is the hundred thousands digit of 495480510?
4
What is the ten thousands digit of 420017312?
1
What is the thousands digit of 545861294?
1
What is the tens digit of 1587980423?
2
What is the thousands digit of 32995755?
5
What is the tens digit of 2748261081?
8
What is the millions digit of 16720653?
6
What is the units digit of 244846559?
9
What is the tens digit of 203855849?
4
What is the tens digit of 40060843?
4
What is the billions digit of 1437805308?
1
What is the ten thousands digit of 22499429?
9
What is the millions digit of 1128325926?
8
What is the billions digit of 1606866865?
1
What is the units digit of 1228971781?
1
What is the hundred thousands digit of 86159510?
1
What is the ten thousands digit of 1649733516?
3
What is the units digit of 283183737?
7
What is the ten millions digit of 73424210?
7
What is the hundreds digi